{"version":"1.0","provider_name":"A tizenhetes sz\u00e1m rejt\u00e9lye","provider_url":"https:\/\/bipolaris.cafeblog.hu","author_name":"K\u00f3kai Vikt\u00f3ria","author_url":"https:\/\/bipolaris.cafeblog.hu\/author\/vikikokaigmail-com\/","title":"Az elenged\u00e9s \u00e9ve","html":"<p><strong>Az elenged\u00e9s \u00e9ve<\/strong><\/p>\r\n<p><a href=\"https:\/\/bipolaris.cafeblog.hu\/files\/2017\/04\/e7474d9a743f72473a47cac98ac4d9d7.jpg\"><img class=\"alignnone size-medium wp-image-790\" src=\"https:\/\/bipolaris.cafeblog.hu\/files\/2017\/04\/e7474d9a743f72473a47cac98ac4d9d7-177x300.jpg\" alt=\"\" width=\"177\" height=\"300\" \/><\/a><\/p>\r\n<p>A 2017-es \u00e9v sok-sok asztrol\u00f3gus, numerol\u00f3gus \u00e9s egy\u00e9b spiri-guru szerint az elenged\u00e9s \u00e9ve.<\/p>\r\n<p>Egy csom\u00f3 mindent el kell engedni:<\/p>\r\n<p>-el kell engedni a r\u00e9g \u00e9rt s\u00e9relmeket,<\/p>\r\n<p>-el kell engedni a ragaszkod\u00e1sainkat,<\/p>\r\n<p>-el kell engedni azokat, akik menni akarnak<\/p>\r\n<p>-de legink\u00e1bb a m\u00faltat kell elengedni \u00e9s a hozz\u00e1 f\u0171z\u0151d\u0151 negat\u00edv gondolatokat.<\/p>\r\n<p>Csak \u00fagy mehet\u00fcnk el\u0151re, ha nem h\u00faz vissza semmi a m\u00faltba \u00e9s ehhez pedig n\u00e9ha ki kell mondani azt a bizonyos titkos var\u00e1zssz\u00f3t, ami mindent megv\u00e1ltoztathat.<\/p>\r\n<p>Meg kell tanulnunk nemet mondani.<\/p>\r\n<p>Nemet kell mondani minden olyan \u00e9lethelyzetre, mely stresszel t\u00f6lt el minket.<\/p>\r\n<p>Sokszor az\u00e9rt nem merj\u00fck kimondani a nemet, mert m\u00e1sokat magunk el\u00e9 helyezve f\u00e9l\u00fcnk a nem k\u00f6vetkezm\u00e9nyeit\u0151l.<\/p>\r\n<p>N\u00e9ha pedig f\u00e9lelemb\u0151l nem merj\u00fck kimondani a nemet, mert f\u00e9l\u00fcnk a j\u00e1rt utat a j\u00e1ratlan\u00e9rt elhagyni....<\/p>\r\n<p>...pedig bizony a legt\u00f6bbsz\u00f6r pont a j\u00e1rt utat kell megtanulnunk elengedni az\u00e9rt, hogy valami \u00fajnak, valami jobbnak adhassunk helyet az \u00e9let\u00fcnkben.<\/p>\r\n<p>\u00c9s ahhoz, hogy \u00e9let\u00fcnk minden egyes r\u00e9sz\u00e9t meg\u00e9lhess\u00fck bizony sokszor a f\u00e9lelmeinken k\u00edv\u00fcl el kell engedn\u00fcnk a begyepesedett el\u0151\u00edt\u00e9leteinket is \u00e9s a kishit\u0171s\u00e9g\u00fcnket is.<\/p>\r\n<p>El\u0151re menni csakis hittel telve lehet.<\/p>\r\n<p>Hinni kell abban, hogy a r\u00e9gi mi elm\u00falt tan\u00edtani volt az \u00e9let\u00fcnkben \u00e9s a meg\u00e9lt tapasztalatokra \u00e9p\u00edtkezve (de a m\u00faltt\u00f3l nem f\u00fcggve) kell tov\u00e1bbhaladnunk. \u00a0<\/p>\r\n<p>Ha egy ajt\u00f3 bez\u00e1rul meg kell keresn\u00fcnk azt az ajt\u00f3t, aminek a kulcsa a zseb\u00fcnkben lapul.\u00a0<\/p>\r\n<p>A k\u00e9p forr\u00e1sa: https:\/\/hu.pinterest.com\/pin\/AXSEdqauhtK3BPJdvzt3GNe_kSXUEMm5zem253xa2LeRr6OHuelyF-U\/<\/p>","type":"rich","thumbnail_url":"https:\/\/bipolaris.cafeblog.hu\/files\/2017\/04\/e7474d9a743f72473a47cac98ac4d9d7-150x150.jpg","thumbnail_width":150,"thumbnail_height":150}

A tizenhetes szám rejtélye

Kókai Viktória

Az elengedés éve

<p><strong>Az elengedés éve</strong></p>
<p><a href="https://bipolaris.cafeblog.hu/files/2017/04/e7474d9a743f72473a47cac98ac4d9d7.jpg"><img class="alignnone size-medium wp-image-790" src="https://bipolaris.cafeblog.hu/files/2017/04/e7474d9a743f72473a47cac98ac4d9d7-177x300.jpg" alt="" width="177" height="300" /></a></p>
<p>A 2017-es év sok-sok asztrológus, numerológus és egyéb spiri-guru szerint az elengedés éve.</p>
<p>Egy csomó mindent el kell engedni:</p>
<p>-el kell engedni a rég ért sérelmeket,</p>
<p>-el kell engedni a ragaszkodásainkat,</p>
<p>-el kell engedni azokat, akik menni akarnak</p>
<p>-de leginkább a múltat kell elengedni és a hozzá fűződő negatív gondolatokat.</p>
<p>Csak úgy mehetünk előre, ha nem húz vissza semmi a múltba és ehhez pedig néha ki kell mondani azt a bizonyos titkos varázsszót, ami mindent megváltoztathat.</p>
<p>Meg kell tanulnunk nemet mondani.</p>
<p>Nemet kell mondani minden olyan élethelyzetre, mely stresszel tölt el minket.</p>
<p>Sokszor azért nem merjük kimondani a nemet, mert másokat magunk elé helyezve félünk a nem következményeitől.</p>
<p>Néha pedig félelemből nem merjük kimondani a nemet, mert félünk a járt utat a járatlanért elhagyni....</p>
<p>...pedig bizony a legtöbbször pont a járt utat kell megtanulnunk elengedni azért, hogy valami újnak, valami jobbnak adhassunk helyet az életünkben.</p>
<p>És ahhoz, hogy életünk minden egyes részét megélhessük bizony sokszor a félelmeinken kívül el kell engednünk a begyepesedett előítéleteinket is és a kishitűségünket is.</p>
<p>Előre menni csakis hittel telve lehet.</p>
<p>Hinni kell abban, hogy a régi mi elmúlt tanítani volt az életünkben és a megélt tapasztalatokra építkezve (de a múlttól nem függve) kell továbbhaladnunk.  </p>
<p>Ha egy ajtó bezárul meg kell keresnünk azt az ajtót, aminek a kulcsa a zsebünkben lapul. </p>
<p>A kép forrása: https://hu.pinterest.com/pin/AXSEdqauhtK3BPJdvzt3GNe_kSXUEMm5zem253xa2LeRr6OHuelyF-U/</p>
